of x?
3, 5
Suppose 0 = -6*u + 191 + 43. List the prime factors of 357/u - 4/26.
3
Let g be -7 - (3/1 - (-2 + 4)). Let k(l) = l**3 + 11*l**2 + 21*l + 12. What are the prime factors of k(g)?
2, 3
Let i(l) = -26 + 5*l**2 - 5*l**2 + 35 + 5*l**2 - 5*l. What are the prime factors of i(4)?
3, 23
Let m = 44 + -39. Suppose -107 = m*g - 447. List the prime factors of g.
2, 17
Let r = 93 - 53. Let i be ((-10)/8)/((-10)/r). Suppose -3*w = -4*w + i. List the prime factors of w.
5
Let d be 2 - -283 - (3 + 1). Suppose 0 = 10*c - 259 - d. What are the prime factors of c?
2, 3
Let f(y) = y. Let o be f(-2). What are the prime factors of o*(-4)/(-10) - (-18984)/105?
2, 3, 5
Suppose 14*y + 468 = 18*y. What are the prime factors of y?
3, 13
Let x = 4 + 6. Let d be (4/x)/((-2)/(-20)). Suppose -d*v + 39 = -9. What are the prime factors of v?
2, 3
Let f(k) = 11*k**2 + 25*k + 9. List the prime factors of f(-11).
3, 5, 71
Let o be 489/6 - (-15)/10. Suppose 2*n - 3*n + o = 0. Let g = n - 50. What are the prime factors of g?
3, 11
Let s = -1015 - -1657. List the prime factors of s.
2, 3, 107
Let m(n) = 4*n**2 - n - 7. Let s be m(3). Let l = -24 + s. What are the prime factors of l?
2
Suppose 0*i + 20 = i + 4*a, -10 = -2*a. Suppose i = -6*n + n + 875. List the prime factors of n.
5, 7
Suppose -3*p = -r - 250, -p + 121 = -3*r + 43. Suppose 0 = 3*w - p + 18. List the prime factors of (w/4)/((-5)/(-60)).
2, 3, 11
Suppose -3*w = -2*o + 7447, 18605 = 5*o - 0*o + 5*w. List the prime factors of o.
2, 1861
Let g(r) be the third derivative of r**6/120 + r**5/6 - r**4/12 + 11*r**3/6 - 12*r**2. What are the prime factors of g(-10)?
31
Let g(h) = 3*h**3 - 22*h**2 + 10*h - 44. What are the prime factors of g(10)?
2, 107
Let k be (((-28)/(-6) - 3) + -1)*-69. List the prime factors of (k/3)/(0 - 10/15).
23
Suppose -1 = 5*y - 146. Let o = y - 5. What are the prime factors of o?
2, 3
Let u = -97 + 220. Let s = u + -65. List the prime factors of s.
2, 29
Let u(s) = -11*s + 1 + 15 + 3*s**2 - 4*s**2. Let a be u(-12). Suppose -7*w + 3*w = -12, 0 = -4*i + a*w + 176. List the prime factors of i.
47
List the prime factors of (-200)/(-20) - (-1331 - -3).
2, 3, 223
Let b be (14/21)/((-1)/219*2). Let r = 210 + b. List the prime factors of r.
137
Let z be 16/(-4) - 7/(-1). Suppose 5*a - 177 = -4*j, 0 = -3*j + z*a + 2*a + 124. List the prime factors of j.
43
Suppose -4*a = -5*a + 15. Suppose -a*f - 30 = -20*f. List the prime factors of -8 + f - (1 - 56).
53
Suppose 1618 = 3*h - 4*b - 0*b, 2174 = 4*h - 2*b. Let u be h/143 + (-4)/(-22). Suppose -u*r - r - 20 = 0, -4*r + 14 = 5*y. List the prime factors of y.
2, 3
Suppose 13*v - 276 = 3702. What are the prime factors of v?
2, 3, 17
Let t(u) = u - 6. Let k be t(-4). Let g = k - -10. Suppose j - 4*p = 13 + 8, g = 4*j - 3*p - 71. What are the prime factors of j?
17
Let c be 2/5 - (-16)/10. Suppose 1662 = 4*s + 1470. Suppose 2*i + s = 4*i + 3*w, -4*w - c = -i. What are the prime factors of i?
2, 3
Let p be 26/(-91) + 632/7. Suppose 0 = 4*j, -p = -5*a + 4*j - 25. What are the prime factors of a?
13
Let z = -168 - -266. Let u = -70 + z. List the prime factors of u.
2, 7
Suppose t - 8 = -t. List the prime factors of ((-45)/(-5)*-4)/(t/(-10)).
2, 3, 5
What are the prime factors of -66*8/(-1) - (4 - 0)?
2, 131
Suppose 0 = -4*z + 2*z + 58. Let n = -21 + z. List the prime factors of 15/(-20) + 102/n.
2, 3
Let v(s) = s**3 - 12*s**2 + 23*s - 1. Let i be v(6). Let d = i + 238. List the prime factors of d.
3, 53
Suppose 0 = -3*v + 13 + 32. Let z be ((-1)/3)/((-4)/444). Suppose v + z = 2*k. What are the prime factors of k?
2, 13
Let o = 8005 - 4474. List the prime factors of o.
3, 11, 107
Let l(p) = p**3 - 42*p**2 - 76*p + 37. What are the prime factors of l(44)?
5, 113
Suppose -5*v - 5*d + 4255 = 0, -2*d + 494 + 360 = v. List the prime factors of v.
2, 53
Let k = -47 + 40. Let t = k + 14. List the prime factors of t.
7
Let p(o) = 94*o - 153. List the prime factors of p(8).
599
Let f be ((-4)/(-7))/(6/(-21)). List the prime factors of 73*(2 + f + 1).
73
Let f be (-2 + 1)*-239 + 3. Suppose -7*r + f = -129. What are the prime factors of r?
53
Suppose -r = -2*r - 167. Let p = r - -264. What are the prime factors of p?
97
Let b be 100/(-3 - (-21)/9). List the prime factors of 14/(-7)*b/4.
3, 5
Suppose -5*v + 20 - 25 = 0, 3*k + 3*v = 1209. List the prime factors of k.
2, 101
Suppose 25*a + 1284 - 28934 = 0. List the prime factors of a.
2, 7, 79
Suppose -1312 + 8797 = 5*l - v, 0 = -5*v. What are the prime factors of l?
3, 499
Let r be (-2)/7 - (-9)/7. Let w(h) = 10*h - 15. Let b be w(2). Let g = r + b. What are the prime factors of g?
2, 3
Let s = 1 + 2. Let d(b) = -b**2 - 12*b - 8. Let f be d(-11). Suppose f*r = -s*r + 162. List the prime factors of r.
3
Let t be (-9)/12 - 25/4. Let r be -1*2 - (-9 + t). Let i = r + -6. What are the prime factors of i?
2
Let n = -427 + 2420. List the prime factors of n.
1993
Let r(z) = -3*z**2 + z + 5. Let a be r(-3). What are the prime factors of (-1095)/a + 1/5?
2, 11
List the prime factors of -1 - -2 - 688/24*-3.
3, 29
Suppose 0 = -5*w - 737 + 8567. What are the prime factors of w?
2, 3, 29
Let k(a) = a**3 + a**2 + 2*a. Let o be k(-3). Let s = o + 27. Suppose -66 = -s*c + 9. What are the prime factors of c?
5
Suppose -10 = -4*b + 2. Suppose 4*z = 2*x + 236, x - 4*z + 105 = -b. What are the prime factors of x/(-13) + (-4)/(-26)?
2, 5
Suppose 18455 = 6*l - 7027. List the prime factors of l.
31, 137
Let r(j) = 7*j + 13*j - j**2 + 8 - 1 + 2. List the prime factors of r(11).
2, 3
Let k(w) = 2*w + 66. Let b be k(0). Suppose 2*r - 39 = 3*n, n + n = 3*r - b. What are the prime factors of r?
2, 3
Let g = -66 - -68. Let w = 0 - -3. What are the prime factors of (g - w) + -3 + 24?
2, 5
List the prime factors of 2 + 22/(-8) + 10652/16.
5, 7, 19
Let u(h) = -h**2 - h + 1131. What are the prime factors of u(0)?
3, 13, 29
Let m = -26 + 80. Suppose -12*q - m = -13*q. List the prime factors of q.
2, 3
Let w(k) = 2*k**2 - 2*k - 1. Let c = 2 - 2. Suppose c*q = 5*q + 5. List the prime factors of w(q).
3
Let t = 24 + -22. List the prime factors of 1330/19 + t*-2.
2, 3, 11
Let t = -124 - -127. Suppose -864 = -4*l + 4*i, 2*i - 219 = 2*l - t*l. What are the prime factors of l?
7, 31
Suppose 6*c = 4*a + 3*c - 709, -3*a = 3*c - 558. What are the prime factors of a?
181
Suppose -3*v - 3*p = v - 447, -5*p = 5*v - 555. What are the prime factors of v?
2, 3, 19
Let c = 2708 - 1851. What are the prime factors of c?
857
Let a = -406 + 569. List the prime factors of a.
163
Let r be (-2)/(4/(-22)) + 1. Let f(l) = -l**3 + 8*l**2 + 13*l + 4. Let y be f(r). What are the prime factors of (-22)/(-55) - y/10?
2, 3, 7
Let m(v) = v - 1. Suppose 0 = i + 4 - 8. Let f(u) = u**3 - 4*u**2 + 4*u - 4. Let a be f(i). List the prime factors of m(a).
11
Let h(o) = -2*o**3 + 19*o**2 - 12*o + 2. Suppose 8 = 4*d - 5*x, -2*d = 5*x - 34 - 0. What are the prime factors of h(d)?
163
Let o(g) be the third derivative of -g**6/120 - g**4/24 + g**3/6 - 11*g**2. Let f be o(-3). Suppose -5*k + 64 = -f. What are the prime factors of k?
19
Let t(i) = -2*i - 3 - 17*i**3 + 1 + 4*i + 1. List the prime factors of t(-2).
131
Let r = 18 - 15. Suppose j = 4*o + 25 + 26, 4*o + r*j + 71 = 0. List the prime factors of (o/(-8))/((-5)/(-140)).
7
Suppose 0 = 12*t - 17*t + 9310. What are the prime factors of t?
2, 7, 19
Suppose 7 + 13 = -4*r. Let z be r*((-16)/10)/1. Let o(l) = l**2 - 9*l + 10. List the prime factors of o(z).
2
Let b be (-20 - -3)/((1 + -2)*-1). Let p(u) = 14*u + 6. Let t be p(-4). Let w = b - t. What are the prime factors of w?
3, 11
Suppose 0*t - 10 = -5*t, 0 = 4*r - 5*t - 6. Suppose -r*i = -0*s + 4*s - 64, 5*i - 24 = -s. Suppose -5*x + s = -31. List the prime factors of x.
3
Let r be 0/1*(-5)/(-10). Suppose r = d - 2, 5*n - 3*n + 5*d - 78 = 0. List the prime factors of n.
2, 17
Let s(w) = -w**2 - 7*w. Let x be s(-6). Suppose 1 - x = -m. Suppose 0 = m*n - 0*n - 135. List the prime factors of n.
3
Suppose -3*f - h + 3650 = 0, 7*f - 2*h = 11*f - 4870. List the prime factors of f.
3, 5
Suppose 7*u - 57 = -b + 2*u, 3*u - 241 = -5*b. Let m be (-15)/(-10)*20 - 2. Let v = b - m. List the prime factors of v.
19
Let s be (4 - 4)/(0 - -1). Suppose 2*q + 58 = -s*i + 2*i, 3*i = -2*q + 87. List the prime fa